05 - n. What is the remainder when (-2)/(-4)*7*(-71604)/(-1547) is divided by z?
30
Suppose -11*l + 244 = 5*z - 462, 3*l - 206 = 2*z. Calculate the remainder when 641 is divided by l.
47
Suppose -s - 5*c - 5 = -6*s, 5*c = 3*s - 5. Suppose -304 = -4*k + 2*x, 2*k = -s*x - 2*x + 146. Calculate the remainder when k is divided by 22.
9
Suppose 41*l = 460 + 155. Calculate the remainder when 823 is divided by l.
13
Suppose 0 = -5*l - 5*i + 95, 5*l - 66 = 2*i + 8. Let t be -475 + (-161)/(-28) + 1/4. Let n = -458 - t. What is the remainder when l is divided by n?
5
Suppose 3*q + 6*f - 646 = 233, -2*q + f = -606. Calculate the remainder when 305 is divided by q.
4
Suppose -8*h + 17 = -24 - 47. Let f(m) = 7*m - 3. What is the remainder when f(5) is divided by h?
10
Let l = -10 + 5. Let f be 1095/9 - l/(-3). Let p = f - 70. What is the remainder when p is divided by 17?
16
Let u be 13/(39/(-6))*-2. Suppose 2*k - 5*k + 4*m + 104 = 0, -u*m = k - 24. What is the remainder when 213 is divided by k?
21
Let p = 2778 - 2750. Let o(x) = -x + 20. Calculate the remainder when p is divided by o(0).
8
Suppose -o = 4*o - 905. What is the remainder when o is divided by ((-26)/12)/((-1)/12*2)?
12
Suppose -4*d - t = -1842, -d - 5*t = 473 - 943. What is the remainder when d is divided by 14?
12
Let z(h) = -77*h + 9798. Suppose -4 = -2*d - 6. Let b = d - -4. What is the remainder when z(127) is divided by b?
1
Suppose -7*w = -10*w + 17*w - 140. Calculate the remainder when 698 is divided by w.
8
Suppose 4*n = 3*d + 19, 10 = -2*d - 0*n + 2*n. What is the remainder when ((-28)/(-3))/(17/(-6) + 3) is divided by (-118)/(-6) + d/(-3)?
16
Suppose 26*t - 111*t = -4080. Calculate the remainder when 165 is divided by t.
21
Let s(l) = -8*l - 10. Let p be (-5)/(-15)*(394 - 1). Suppose -2*r + 7*r - 3*x - 655 = 0, -x + p = r. Calculate the remainder when r is divided by s(-4).
21
Let x(i) = -i**2 - 11*i + 159. Let u be x(13). Calculate the remainder when (-17)/(4 + u/38) is divided by 50.
46
Let c(b) = 2*b**2 + 45*b - 231. What is the remainder when 987 is divided by c(-28)?
63
Let f(h) = 2*h**2 - 8*h + 3. Let w be 3 + 5/(-20) + (-9)/(-4). Calculate the remainder when 21 is divided by f(w).
8
Suppose 0 = f + 2*d - 808, -2*f + 4*d - 3228 = -6*f. What is the remainder when f is divided by 18?
14
Suppose u = -2*w + 15197, 4*w + u - 40026 = -9635. What is the remainder when w is divided by 131?
130
What is the remainder when -1 - (-3 - -3) - (5 - 215) is divided by 45?
29
Suppose 3*p + s = 95, -2*s - 129 = -1455*p + 1450*p. What is the remainder when 115 is divided by p?
28
Let b(i) = -19*i - 1. Calculate the remainder when (-25 + 18 + -35)/((-9)/87) is divided by b(-2).
36
Suppose -3*m - 2*f = -2722, 2*m - 581*f - 1812 = -582*f. What is the remainder when m is divided by 50?
2
Let c be (-1)/4 + 7942/88. Let p be (-4)/(c/(-86) - -1). Suppose p = 5*v - 2*f, -3*v + 0*f - 2*f = -42. Calculate the remainder when 29 is divided by v.
13
Let d be 16/56 - 72/(-42). Calculate the remainder when 169 is divided by (-2156)/(-88) - -2*d/8.
19
Let u(v) = -2*v**2 - 139*v - 9 + 47*v + 52*v. What is the remainder when u(-19) is divided by 17?
12
Let q = -29 + 24. Let d(g) = 3*g + 18. Let n be d(q). Suppose 0 = n*j - 18 - 27. What is the remainder when 40 is divided by j?
10
Let o = -4322 + 8481. Let j be (2 - 13/7) + o/(-7). Calculate the remainder when 96 is divided by (j/8)/(-3) - (-18)/72.
21
Suppose -1684 - 596 = -15*u. Let b(n) = n**3 - 27*n**2 + 39*n + 301. Calculate the remainder when u is divided by b(25).
22
Let h(u) = u**3 - 46*u**2 + 47*u - 110. Let x be h(45). What is the remainder when 299 is divided by 1296/270*x/(-6)?
11
Suppose 33*y - 206572 = 746798. Calculate the remainder when y is divided by 167.
166
Let p(l) = l**3 + l**2 - 9*l - 7. Suppose -65 = -3*c - 53. Let b(j) = -j**3 - 21*j**2 + j + 28. Calculate the remainder when p(c) is divided by b(-21).
2
Suppose 0 = -5*v + 125 - 30. Suppose 4*h + v = -21. Calculate the remainder when 13 is divided by (64/(-20))/(4/h).
5
Suppose 0 = -2*l + 18*l - 48. Suppose 0 = -k - k. Suppose -l*n + 12 + 27 = k. What is the remainder when 64 is divided by n?
12
Let x = -115 - 254. Let d = 408 + x. Calculate the remainder when d is divided by 14.
11
Suppose 0 = -5*m + m + 24. Let t = 445 - 144. Let o = t + -267. Calculate the remainder when o is divided by m.
4
Suppose 0 = 3*b - c - 5, 3*c - 8 - 1 = b. Suppose -4*j = b*t - 62, 6*t - 11*t = -5*j - 45. Calculate the remainder when 55 is divided by t.
13
Suppose 10*t + 2*p + 7034 = 5*t, -3*t + 2*p - 4230 = 0. What is the remainder when t/(-18) - (-5)/(630/(-28)) is divided by 24?
6
Suppose 5*v - 125 = -30. Let r be 12/8 + 55/(-2). Let w = 38 + r. What is the remainder when v is divided by w?
7
Suppose -22 = -30*r + 9*r + 1385. What is the remainder when 219 is divided by r?
18
Let w(y) = 7*y + 4. Let s be w(24). Let o = s - 134. What is the remainder when 145 is divided by o?
31
Suppose 7*m + p - 474 = 6*m, 4*m - 1905 = -p. Let o = 1079 - m. Calculate the remainder when o is divided by 67.
66
Suppose 10*d = -17 - 43. What is the remainder when (-876)/(42/(-7)) + d is divided by 72?
68
Suppose 0 = 131*y - 103*y - 6916. Suppose v + 51 = 3*s - 145, -3*v + 270 = 4*s. Calculate the remainder when y is divided by s.
49
Let f(y) = -y**2 - 7*y - 13. Let u be f(-3). Let w(c) = 191*c**2 + c + 1. Calculate the remainder when w(u) is divided by 49.
44
Let r = -4543 - -4746. What is the remainder when r is divided by 14?
7
Calculate the remainder when 2226/105 + -21 - 6/(-15)*5717 is divided by 46.
33
Suppose -99*s + 101*s - 8 = 0. Suppose 114 - 18 = s*n. What is the remainder when ((111/9)/(-1))/((-4)/12) is divided by n?
13
Suppose 4 = 2*g - 5*d + 14, -1 = -g + d. Suppose -g*p + 13*p - 160 = 0. Let h = -163 - -262. What is the remainder when h is divided by p?
19
Suppose 2*r = 3*n - 1661, 0 = 148*r - 146*r - 4. Calculate the remainder when n is divided by 17.
11
Let s(r) = -17*r - 831. Let k be (-1)/(1 - (-8)/(-7)). Suppose -4*h - 54 = -k*h. What is the remainder when h is divided by s(-49)?
0
What is the remainder when 164 is divided by 570/(21 - 2)*1/2?
14
Suppose -1025*b + 15912 = -791*b. Suppose -g - 3*g + 1062 = 2*r, 0 = 2*r - 2*g - 1080. Calculate the remainder when r is divided by b.
61
Let n be (-2)/9 - (-8)/36. Suppose h = n, 0*h = 5*r - 2*h + 30. Let a(l) = l**3 + 5*l**2 - 13*l - 9. What is the remainder when 95 is divided by a(r)?
29
Suppose 3312 = 46*t + 26*t. What is the remainder when 91 is divided by t?
45
Let s(k) = k**3 - 10*k**2 + 9*k - 13. Let c be s(9). Let g = 84 + c. Let z = 84 - g. Calculate the remainder when z is divided by 4.
1
Let l(n) = -2*n**2 + 39*n + 77. Suppose -477*j + 108 = -471*j. What is the remainder when l(j) is divided by 17?
12
Let l be ((-6)/15)/(4/(-3070)). Let u = l + -285. What is the remainder when 56 is divided by u?
12
Suppose -3*m - 7 = -4. Let u(b) = b**2 - 748*b**3 + 1 + 243*b**3 + 2*b + 242*b**3 + 1 + 236*b**3. Calculate the remainder when 139 is divided by u(m).
27
Let q(v) = v**3 + 13*v**2 - 16*v - 1. Let x be (-14)/(-7) + (-36)/(-2). Suppose -x = -i - 6. What is the remainder when q(-14) is divided by i?
13
Suppose 3*y = -5*g + 119, 0 = 4*g + 4*y - y - 97. Let k = -4 + g. Calculate the remainder when k is divided by (-36)/(-12) + 9 + 2 + -2.
6
Calculate the remainder when 10/(-16 + -4)*(-1 + -6501) is divided by 15.
11
Let d = -2504 - -2513. What is the remainder when 4570 is divided by d?
7
Suppose 623 = 4*y - 3*y - 860. Calculate the remainder when y is divided by 249.
238
Suppose -g - 5*m = 10 - 65, -4*g + 5*m = -170. Calculate the remainder when g is divided by 7.
3
Suppose -700*d + 681*d + 665 = 0. What is the remainder when 895 is divided by d?
20
Let i(y) = 59*y + 738. Calculate the remainder when 792 is divided by i(-9).
171
Suppose 2*i + g + 297 = 0, -35*i + 3*g = -33*i + 277. Let j = -103 - i. What is the remainder when 257 is divided by j?
42
Suppose 0 = -6*f + 3*f + 12, -240 = -4*h + 3*f. Let m = -59 + 97. Calculate the remainder when (-3128)/(-21) + 3/h is divided by m.
35
Let j = -58 + 133. Calculate the remainder when j is divided by 34.
7
Let o = 2791 - 2777. Let j = -37 - -88. Suppose -5*g + j + 139 = 0. What is the remainder when g is divided b